{"id":260,"date":"2020-06-17T15:04:49","date_gmt":"2020-06-17T13:04:49","guid":{"rendered":"https:\/\/www.galia.com.pl\/?page_id=260"},"modified":"2020-06-17T15:04:49","modified_gmt":"2020-06-17T13:04:49","slug":"polityka-prywatnosci","status":"publish","type":"page","link":"https:\/\/galia.com.pl\/index.php\/polityka-prywatnosci\/","title":{"rendered":"Polityka prywatno\u015bci"},"content":{"rendered":"\n<p><em><strong>Szanowni\nPa\u0144stwo, <\/strong><\/em>\n<\/p>\n\n\n\n<p class=\"has-small-font-size\">Od\n25 maja 2018 roku b\u0119dzie stosowane  Rozporz\u0105dzenie Parlamentu\nEuropejskiego i Rady (UE) 2016\/679 z 27.04.2016 r. w sprawie ochrony\nos\u00f3b fizycznych w zwi\u0105zku z przetwarzaniem danych osobowych i w\nsprawie swobodnego przep\u0142ywu takich danych oraz uchylenia dyrektywy\n95\/46\/WE (og\u00f3lne rozporz\u0105dzenie o ochronie danych) (Dz.Urz. UE L\n119, s. 1) \u2013 (RODO). \n<\/p>\n\n\n\n<p class=\"has-small-font-size\">Zgodnie\nz obowi\u0105zuj\u0105cymi przepisami dotycz\u0105cymi ochrony danych osobowych,\nw szczeg\u00f3lno\u015bci z Rozporz\u0105dzeniem, w celu zapewnienia w\u0142a\u015bciwej\nochrony danych osobowych, osobie, kt\u00f3rej dane dotycz\u0105, nale\u017cy\nprzede wszystkim poda\u0107 informacje dotycz\u0105ce przetwarzania jej\ndanych osobowych okre\u015blone w art. 13 RODO. \n<\/p>\n\n\n\n<p class=\"has-small-font-size\">W\nzwi\u0105zku z powy\u017cszym informujemy Pa\u0144stwa, \u017ce:<\/p>\n\n\n\n<ol class=\"wp-block-list\">\n<li>\n\n\t<strong>Administrator\n\tDanych Osobowych<\/strong>\n<\/li>\n<\/ol>\n\n\n\n<p class=\"has-small-font-size\"> Administratorem Pa\u0144stwa danych osobowych (dalej ,,Administrator\u201d lub \u201eADO\u201d) jest Galia Sp\u00f3\u0142ka Akcyjna z siedzib\u0105 w D\u0105browie G\u00f3rniczej, kod pocztowy 41 \u2013 300, przy ulicy Przybylaka 15, wpisana do rejestru Przedsi\u0119biorc\u00f3w KRS prowadzonego przez S\u0105d Rejonowy w Katowicach, VIII Wydzia\u0142 Gospodarczy pod nr KRS 0000118298, NIP 6442671071, REGON 273494750. Z Administratorem mo\u017cna si\u0119 kontaktowa\u0107 pisemnie za pomoc\u0105 poczty tradycyjnej na adres siedziby lub za pomoc\u0105 poczty elektronicznej na adres e-mail: <strong>ochronadanych@galia.com.pl <\/strong>(dawniej: galia@galia.com.pl) <\/p>\n\n\n\n<p>2. <strong>Cele i podstawy przetwarzania<\/strong><\/p>\n\n\n\n<p class=\"has-small-font-size\">\nPa\u0144stwa\ndane osobowe s\u0105 przetwarzane w nast\u0119puj\u0105cych celach:<\/p>\n\n\n\n<ol class=\"wp-block-list\">\n<li> w celu zawarcia umowy i jej wykonania lub realizacji zam\u00f3wienia i wszelkich czynno\u015bci temu towarzysz\u0105cych, na podstawie art. 6 ust. 1 lit. b RODO; <\/li>\n\n\n\n<li> w celach marketingowych, na podstawie art. 6 ust. 1 lit. a RODO; <\/li>\n\n\n\n<li> w celu wype\u0142nienia prawnego obowi\u0105zku zwi\u0105zanego z wystawianiem i przechowywaniem dokument\u00f3w oraz faktur za \u015bwiadczone b\u0105d\u017a zlecane przez Administratora us\u0142ugi, realizacji przys\u0142uguj\u0105cych Pa\u0144stwu lub Administratorowi uprawnie\u0144 posprzeda\u017cowych, w tym tak\u017ce w zwi\u0105zku z dochodzeniem roszcze\u0144 oraz realizowania innych obowi\u0105zk\u00f3w prawnych, na podstawie art. 6 ust. 1 lit. c RODO; <\/li>\n\n\n\n<li> w celach analitycznych: lepszego doboru us\u0142ug do potrzeb naszych klient\u00f3w, og\u00f3lnej optymalizacji naszych produkt\u00f3w, optymalizacji proces\u00f3w obs\u0142ugi, budowania wiedzy o naszych klientach, analizy finansowej naszej sp\u00f3\u0142ki itp.) b\u0119d\u0105cego realizacj\u0105 naszego prawnie uzasadnionego w tym interesu, na podstawie art. 6 ust. 1 lit. f RODO; <\/li>\n\n\n\n<li> w celach archiwalnych (dowodowych) b\u0119d\u0105cych realizacj\u0105 naszego prawnie uzasadnionego interesu zabezpieczenia informacji na wypadek prawnej potrzeby wykazania fakt\u00f3w, na podstawie art. 6 ust. 1 lit. f RODO; <\/li>\n\n\n\n<li> w celu ewentualnego ustalenia, dochodzenia lub obrony przed roszczeniami b\u0119d\u0105cego realizacj\u0105 naszego prawnie uzasadnionego w tym interesu, na podstawie art. 6 ust. 1 lit. f RODO;  <\/li>\n\n\n\n<li> w celu badania satysfakcji klient\u00f3w b\u0119d\u0105cego realizacj\u0105 naszego prawnie uzasadnionego interesu okre\u015blania jako\u015bci naszej obs\u0142ugi oraz poziomu zadowolenia naszych klient\u00f3w z&nbsp;produkt\u00f3w i us\u0142ug, na podstawie art. 6 ust. 1 lit. f RODO; <\/li>\n\n\n\n<li> w celu oferowania Pa\u0144stwu przez nas produkt\u00f3w i us\u0142ug bezpo\u015brednio (marketing bezpo\u015bredni), w tym dobierania ich pod k\u0105tem Pa\u0144stwa potrzeb, czyli profilowania, b\u0119d\u0105cego realizacj\u0105 naszego prawnie uzasadnionego w tym interesu, na podstawie art. 6 ust. 1 lit. f RODO.   <\/li>\n<\/ol>\n\n\n\n<p>\n3. <strong>Odbiorcy danych<\/strong><\/p>\n\n\n\n<p class=\"has-small-font-size\">\nPa\u0144stwa\ndane osobowe przetwarzane b\u0119d\u0105 przez inne podmioty \u015bwiadcz\u0105ce dla\nAdministratora us\u0142ugi min. biegli rewidenci, biura rachunkowe,\nprawne, doradcze <br>\ni konsultacyjne, serwis sprz\u0119tu\ninformatycznego oraz program\u00f3w komputerowych, <br>\nw kt\u00f3rych dane\ns\u0105 gromadzone, firmy kurierskie oraz podmioty i organy w\u0142adzy\npublicznej uprawnione na\npodstawie przepis\u00f3w prawa.\n \n<\/p>\n\n\n\n<p class=\"has-small-font-size\">\nPonadto\nzapewniamy, \u017ce Administrator nie przekazuje Pa\u0144stwa danych poza\nteren Polski.\nAdministrator nie zamierza r\u00f3wnie\u017c przekazywa\u0107 danych do pa\u0144stwa\ntrzeciego ani do organizacji mi\u0119dzynarodowych. \n<\/p>\n\n\n\n<p>4. <strong>Okres przechowywania danych<\/strong><\/p>\n\n\n\n<p class=\"has-small-font-size\">\nOkres\nprzetwarzania Pa\u0144stwa danych osobowych jest uzale\u017cniony od celu, w\njakim dane s\u0105 przetwarzane. Okres, przez kt\u00f3ry Pa\u0144stwa dane\nosobowe b\u0119d\u0105 przechowywane jest ustalany w oparciu o nast\u0119puj\u0105ce\nkryteria: \n<\/p>\n\n\n\n<ol class=\"wp-block-list\">\n<li>\n\n\tprzepisy\n\tprawa, kt\u00f3re mog\u0105 obligowa\u0107 Administratora do przetwarzania\n\tdanych przez okre\u015blony czas, (np. ustawa o rachunkowo\u015bci);\n\t<\/li>\n\n\n\n<li>\n\n\tokres\n\tprzez jaki s\u0105 \u015bwiadczone us\u0142ugi, czas na jaki zosta\u0142a zawarta\n\tumowa; \n\t\n\t<\/li>\n\n\n\n<li>\n\n\tokres,\n\tkt\u00f3ry jest niezb\u0119dny do obrony interes\u00f3w Administratora;\n\t<\/li>\n\n\n\n<li>\n\n\tokres\n\tna jaki zosta\u0142a udzielona zgoda. \n\t\n<\/li>\n<\/ol>\n\n\n\n<p class=\"has-small-font-size\">\nPonadto\nje\u017celi nie dojdzie do zawarcia umowy w wyniku z\u0142o\u017cenia przez nas\noferty, Pa\u0144stwa dane osobowe zwi\u0105zane z rozmowami o tej umowie\nzostan\u0105 niezw\u0142ocznie usuni\u0119te z wyj\u0105tkiem danych potrzebnych do\nmarketingu bezpo\u015bredniego. Dane przetwarzane dla potrzeb marketingu\nbezpo\u015bredniego naszych produkt\u00f3w i us\u0142ug mo\u017cemy przetwarza\u0107 do\nczasu zg\u0142oszenia przez Pa\u0144stwa sprzeciwu wzgl\u0119dem ich\nprzetwarzania w tym celu lub ustalimy, \u017ce si\u0119 zdezaktualizowa\u0142y.<\/p>\n\n\n\n<p>5. <strong>Prawa os\u00f3b, kt\u00f3rych dane dotycz\u0105<\/strong><\/p>\n\n\n\n<p class=\"has-small-font-size\">\nPonadto\ninformujemy, \u017ce przys\u0142uguje Pa\u0144stwu prawo do: \n<\/p>\n\n\n\n<ol class=\"wp-block-list\">\n<li> \u017c\u0105dania od Administratora dost\u0119pu do swoich danych osobowych oraz otrzymania ich kopii <\/li>\n\n\n\n<li> sprostowania (poprawiania) swoich danych <\/li>\n\n\n\n<li> usuni\u0119cia danych lub ograniczenia przetwarzania danych <\/li>\n\n\n\n<li> przenoszenia danych <\/li>\n<\/ol>\n\n\n\n<p>6. <strong>Prawo do wniesienia sprzeciwu wobec przetwarzania danych<\/strong><\/p>\n\n\n\n<p class=\"has-small-font-size\">\nW\nprzypadku z\u0142o\u017cenia sprzeciwu po rozpatrzeniu Pa\u0144stwa wniosku nie\nb\u0119dzie mo\u017cliwe przetwarzanie przez Administratora danych osobowych\nobj\u0119tych sprzeciwem, chyba \u017ce wyka\u017cemy, i\u017c istniej\u0105 wa\u017cne\nprawnie uzasadnione podstawy do przetwarzania danych, kt\u00f3re wed\u0142ug\nprawa uznaje si\u0119 za nadrz\u0119dne wobec Pa\u0144stwa interes\u00f3w, praw i\nwolno\u015bci lub istniej\u0105 podstawy do ustalenia, dochodzenia lub obrony\nroszcze\u0144.<\/p>\n\n\n\n<p>7. <strong>Prawo do cofni\u0119cia zgody<\/strong><\/p>\n\n\n\n<p class=\"has-small-font-size\">\nJe\u017celi\nprzetwarzanie danych osobowych przez Administratora odbywa si\u0119 na\npodstawie zgody przys\u0142uguje Pa\u0144stwu prawo do cofni\u0119cia zgody w\ndowolnym momencie poprzez wys\u0142anie informacji pisemnej do\nAdministratora danych osobowych na adres e-mail:\nochronadanych@galia.com.pl. Wycofanie zgody nie ma wp\u0142ywu na\nzgodno\u015b\u0107 z prawem przetwarzania Pa\u0144stwa danych, kt\u00f3rego dokonano\nna podstawie udzielonej zgody przed jej cofni\u0119ciem. Zgoda jest\nniezale\u017cna od czasu, w jakim Pa\u0144stwo korzystacie z us\u0142ug,\nobowi\u0105zuje do jej odwo\u0142ania. \n<\/p>\n\n\n\n<p>8. <strong>Prawo wniesienia skargi do organu nadzorczego<\/strong><\/p>\n\n\n\n<p class=\"has-small-font-size\">\nMaj\u0105\nPa\u0144stwo prawo wniesienia skargi do organu nadzorczego tj. Prezesa\nUrz\u0119du Ochrony Danych Osobowych je\u017celi uwa\u017cacie, \u017ce przetwarzanie\ndanych osobowych przez Administratora odbywa si\u0119 z naruszeniem\nprzepis\u00f3w prawa.<\/p>\n\n\n\n<p>9. <strong>Informacja o wymogu\/dobrowolno\u015bci podania danych<\/strong><\/p>\n\n\n\n<p class=\"has-small-font-size\">\nPodanie\ndanych osobowych jest dobrowolne,\nale konieczne do zawarcia umowy.\nOdmowa podania danych uniemo\u017cliwiaj\u0105cych realizacj\u0119 umowy mo\u017ce\nskutkowa\u0107 odmow\u0105 realizacji zam\u00f3wienia\/umowy.<\/p>\n","protected":false},"excerpt":{"rendered":"<p>Szanowni Pa\u0144stwo, Od 25 maja 2018 roku b\u0119dzie stosowane Rozporz\u0105dzenie Parlamentu Europejskiego i Rady (UE) 2016\/679 z 27.04.2016 r. w sprawie ochrony os\u00f3b fizycznych w zwi\u0105zku z przetwarzaniem danych osobowych i w sprawie swobodnego przep\u0142ywu takich danych oraz uchylenia dyrektywy 95\/46\/WE (og\u00f3lne rozporz\u0105dzenie o ochronie danych) (Dz.Urz. UE L 119, s. 1) \u2013 (RODO). Zgodnie [&hellip;]<\/p>\n","protected":false},"author":1,"featured_media":0,"parent":0,"menu_order":0,"comment_status":"closed","ping_status":"closed","template":"","meta":{"footnotes":""},"class_list":["post-260","page","type-page","status-publish","hentry"],"_links":{"self":[{"href":"https:\/\/galia.com.pl\/index.php\/wp-json\/wp\/v2\/pages\/260","targetHints":{"allow":["GET"]}}],"collection":[{"href":"https:\/\/galia.com.pl\/index.php\/wp-json\/wp\/v2\/pages"}],"about":[{"href":"https:\/\/galia.com.pl\/index.php\/wp-json\/wp\/v2\/types\/page"}],"author":[{"embeddable":true,"href":"https:\/\/galia.com.pl\/index.php\/wp-json\/wp\/v2\/users\/1"}],"replies":[{"embeddable":true,"href":"https:\/\/galia.com.pl\/index.php\/wp-json\/wp\/v2\/comments?post=260"}],"version-history":[{"count":0,"href":"https:\/\/galia.com.pl\/index.php\/wp-json\/wp\/v2\/pages\/260\/revisions"}],"wp:attachment":[{"href":"https:\/\/galia.com.pl\/index.php\/wp-json\/wp\/v2\/media?parent=260"}],"curies":[{"name":"wp","href":"https:\/\/api.w.org\/{rel}","templated":true}]}}